- 231*x + 4398. Give d(29).
222
Let f(b) = -b**2 + 281*b - 7285. Determine f(29).
23
Let r(t) = t**3 + 232*t**2 - 845*t - 32876. Calculate r(-235).
24
Let f(l) = -2*l**3 + 55*l**2 + 219*l + 3. What is f(0)?
3
Let m(v) = 27*v**2 - 1070*v + 127. What is m(40)?
527
Let c(n) = -256*n + 12773. What is c(50)?
-27
Let g(i) = i**2 - 182793*i - 4936143. Give g(-27).
-3
Let y(d) = 32*d**2 - 769*d - 28. Calculate y(23).
-787
Let p(v) = 10943*v - 102. What is p(0)?
-102
Let s(z) = -6*z**2 - 306*z - 933. Give s(-3).
-69
Let i(z) = z**2 - 31*z - 74570. What is i(289)?
-8
Let h(c) = 6*c**2 + 175*c - 4265. Give h(-45).
10
Let d(p) = -p**3 - 181*p**2 - 191*p - 805. Give d(-180).
1175
Let q(n) = -81*n**2 + 7939*n - 256. Give q(98).
-158
Let k(p) = 2*p**2 + 2179*p + 10843. Calculate k(-5).
-2
Let b(c) = 2*c**3 - 206*c**2 - 2260*c - 19. What is b(113)?
-19
Let h(f) = 493*f**2 - 3646*f - 7298. Give h(-2).
1966
Let r(p) = 8806*p - 132070. Calculate r(15).
20
Let j(r) = -5108*r + 720369. What is j(141)?
141
Let z(n) = -n**3 + 370*n**2 - 2531*n - 3647. Determine z(363).
-17
Let a(g) = -10*g**2 - 23942*g + 434205. Give a(18).
9
Let h(w) = -w**2 - 76*w + 3419. Calculate h(29).
374
Let n(k) = -2*k**2 + 1062*k - 10336. Determine n(10).
84
Let v(t) = -39252*t + 902878. What is v(23)?
82
Let w(m) = -2939*m + 476127. Calculate w(162).
9
Let o(z) = 5*z**3 + 225*z**2 - 459*z + 461. Determine o(-47).
-56
Let f(m) = -117*m**2 + 683*m - 13. Determine f(6).
-127
Let f(z) = z**3 + 52*z**2 + 155*z - 725. Determine f(-6).
1
Let i(m) = 13*m**3 + 415*m**2 + 1112*m + 275. Calculate i(-29).
-15
Let k(m) = 604*m + 46190. Calculate k(-73).
2098
Let w(n) = -45*n**2 + 8960*n - 967. What is w(199)?
28
Let h(a) = 363*a - 10837. What is h(30)?
53
Let u(p) = -5*p**2 - 403*p - 7244. Calculate u(-53).
70
Let r(n) = -3*n**2 + 239*n + 1747. What is r(87)?
-167
Let c(w) = -172*w - 4894. Calculate c(-25).
-594
Let d(q) = -q**2 - 410*q + 26651. What is d(57)?
32
Let x(p) = -p**2 - 260*p + 4644. What is x(-275)?
519
Let f(j) = 6*j**2 + 3904*j + 117629. Give f(-619).
19
Let v(a) = 2*a**3 - 26*a**2 - 47*a + 118. Determine v(19).
3557
Let j(o) = 341061*o + 3069552. What is j(-9)?
3
Let l(z) = 1736*z + 46813. Determine l(-27).
-59
Let i(b) = 9*b**3 + 10313*b**2 - 1151*b - 5746. Give i(-1146).
-16
Let s(f) = -f**3 - 29*f**2 - 107*f + 6. Give s(-5).
-59
Let w(z) = z**3 + 86*z**2 - 1262*z + 2038. Determine w(-99).
-437
Let d(n) = -10*n**2 + 2723*n - 18785. What is d(7)?
-214
Let t(r) = -2*r**3 + 2069*r**2 - 18529*r - 12. Calculate t(9).
-642
Let s(y) = 1078*y - 2950. Calculate s(2).
-794
Let w(d) = d**3 - 7*d**2 + 6101*d - 48840. Give w(8).
32
Let o(f) = -9728*f**2 + f + 44. Give o(0).
44
Let g(j) = -j**2 + 572*j + 247641. What is g(-288)?
-39
Let k(m) = -5828*m - 133981. Determine k(-23).
63
Let t(p) = -87*p**2 + 57913*p + 19303. Give t(666).
-11
Let b(f) = -1223*f + 4290. Determine b(4).
-602
Let s(f) = -f**3 - 314*f**2 + 1122*f - 47687. Determine s(-318).
13
Let z(n) = n**3 - 163*n**2 - 712*n + 63013. Give z(165).
-17
Let p(k) = -6*k**3 - 60*k**2 + 283*k + 157. What is p(6)?
-1601
Let d(x) = 530*x + 6866. Give d(-10).
1566
Let u(p) = 5524*p + 38580. What is u(-7)?
-88
Let n(l) = 48*l**2 - 17*l - 24. Give n(-2).
202
Let m(q) = -14266*q - 27221. Give m(-2).
1311
Let c(z) = 1122*z + 14097. What is c(-13)?
-489
Let k(m) = -7*m**3 + 10*m**2 + 110*m - 135. Give k(5).
-210
Let i(w) = -w**2 - 18*w + 4845. Determine i(-74).
701
Let a(f) = 972*f - 13134. What is a(16)?
2418
Let j(n) = -227*n**2 - 6988*n + 1523. Give j(-31).
4
Let z(f) = 5*f**3 - 20*f**2 - 87*f + 61. Give z(6).
-101
Let v(f) = -33*f**3 + 8*f**2 + 1894*f + 1887. What is v(-1)?
34
Let z(g) = 2629*g - 1829793. Determine z(696).
-9
Let p(d) = 10*d**3 + 8*d**2 + 1208*d - 3637. Determine p(3).
329
Let v(n) = 10*n**3 + 80*n**2 - 76*n + 151. Give v(-9).
25
Let m(f) = -62821*f - 376934. What is m(-6)?
-8
Let a(g) = 64643*g + 387849. Determine a(-6).
-9
Let v(t) = 23*t**2 - 5670*t + 25174. What is v(242)?
6
Let v(t) = -4271*t + 149680. What is v(35)?
195
Let i(m) = 699*m + 27529. Calculate i(-40).
-431
Let p(z) = -93*z**2 - 17673*z - 581. What is p(-190)?
-11
Let i(m) = 135963*m + 679802. Give i(-5).
-13
Let w(i) = 21*i**3 - 400*i**2 + 405*i - 7341. What is w(19)?
-7
Let d(g) = -2*g**3 + 8*g**2 + 155*g + 28. Give d(11).
39
Let r(b) = -32*b**2 + 123*b + 6220. Calculate r(16).
-4
Let i(q) = -q**2 - 1815300*q - 16337585. What is i(-9)?
34
Let n(c) = -127*c**2 + 32036*c - 8065. What is n(252)?
-1
Let p(z) = 80*z - 4364. Give p(43).
-924
Let v(t) = t**2 - 2879*t - 155417. Give v(-53).
-21
Let w(v) = -7352*v - 1021948. What is w(-139)?
-20
Let i(a) = -8*a**3 + 55*a**2 + 1581*a - 11006. Calculate i(7).
12
Let p(n) = -n**3 + 112*n**2 + 2348*n - 1034. What is p(130)?
6
Let v(y) = -581935*y + 18621925. Give v(32).
5
Let l(z) = -29698*z + 89076. Determine l(3).
-18
Let r(h) = 8*h**3 + h**2 - 7036*h - 14050. What is r(-2)?
-38
Let k(j) = j**3 + 3413*j**2 - 34256*j + 24. Determine k(10).
-236
Let g(l) = -8152*l + 5086847. Give g(624).
-1
Let x(w) = 150*w**2 - 426*w - 74. Calculate x(3).
-2
Let j(i) = -145*i**2 - 1347*i - 385. Determine j(-9).
-7
Let l(h) = -29*h**2 - 2808*h + 3377. Give l(-98).
45
Let c(l) = -l**3 + 57*l**2 + 988*l - 58459. What is c(56)?
5
Let f(j) = -44*j**2 + 5074*j - 1597. What is f(115)?
13
Let z(l) = 66896*l - 1137183. Give z(17).
49
Let r(o) = -o**3 - 33*o**2 + 175*o + 118. Calculate r(-38).
688
Let q(m) = -56*m**2 - 71*m + 72. What is q(1)?
-55
Let y(h) = -17*h**2 - 1719*h + 5126. Determine y(3).
-184
Let k(z) = 14*z**2 - 246*z - 1619. Calculate k(-5).
-39
Let q(l) = 12*l**3 + 120*l**2 - 27*l - 29. What is q(-9)?
1186
Let x(c) = -10221*c + 643907. Calculate x(63).
-16
Let c(n) = 9438*n - 160428. Give c(17).
18
Let c(m) = -2*m**3 - 168*m**2 - 158*m + 661. Determine c(-83).
-3
Let k(y) = -308*y + 10754. Calculate k(33).
590
Let w(q) = -186*q**2 + 5764*q + 13. Give w(31).
-49
Let d(s) = -s**2 + 472*s - 8217. Determine d(18).
-45
Let r(v) = -10182*v - 213823. What is r(-21)?
-1
Let b(g) = -25*g**3 - 3376*g**2 - 127*g + 1053. What is b(-135)?
-27
Let n(a) = -4*a**2 + 5182*a + 241294. Give n(-45).
4
Let m(o) = 136*o**2 - 432*o + 77. What is m(3)?
5
Let x(h) = 18009*h - 1566891. Calculate x(87).
-108
Let w(r) = r**2 - 173*r - 9537. What is w(-51)?
1887
Let j(c) = 5*c**3 - 34*c**2 + 19*c + 26. Calculate j(6).
-4
Let m(c) = 20*c**2 - 349*c - 3412. Determine m(-7).
11
Let m(f) = -2*f**2 + 125*f - 4421. Give m(61).
-4238
Let f(q) = -q**2 + 899*q + 790991. Calculate f(-547).
29
Let p(n) = 24*n**2 - 220*n + 12. Give p(8).
-212
Let q(m) = -m**2 + 1831*m - 615829. Give q(444).
-1
Let m(g) = -25569*g - 358158. Give m(-14).
-192
Let p(k) = -2*k**3 + 185*k**2 - 113*k + 1872. Calculate p(92).
-60
Let i(t) = 9*t**3 + 21340*t**2 + 23701*t + 2366. What is i(-2370)?
-4
Let g(m) = -43*m**2 + 2162*m - 213. Give g(50).
387
Let z(f) = -5*f**2 + 702*f - 786. What is z(139)?
187
Let h(v) = 3*v**2 + 51059*v - 153207. Calculate h(3).
-3
Let q(t) = t**3 - 4*t**2 - 544330*t + 544333. What is q(1)?
0
Let g(s) = -s**3 - 7*s**2 + 430*s - 512. What is g(-25)?
-12
Let b(l) = 4424*l - 1375854. Give b(311).
10
Let v(k) = 348*k - 38054. Give v(107).
-818
Let l(j) = -17*j**3 - 9*j**2 + 172*j - 316. Calculate l(2).
-144
Let f(n) = 6*n**2 + 132*n + 145. What is f(-28)?
1153
Let n(x) = -987*x + 364199. What is n(369)?
-4
Let w(n) = -3219378*n - 6438759. Calculate w(-2).
-3
Let o(s) = s**2 - 33*s - 501693. Determine o(-692).
7
Let o(k) = 35145*k - 105427. What is o(3)?
8
Let k(g) = 25200*g - 327660. What is k(13)?
-60
Let g(t) = -40*t**3 + 1081*t**2 - 32*t + 131. Determine g(27).
-4
Let d(r) = 71304*r - 142624. Determine d(2).
-16
Let m(l) = 31*l**2 - 402*l - 24. Determine m(13).
-11
Let w(a) = -15*a**2 - 29*a - 25. Determine w(-9).
-979
Let t(s) = -s**3 - 134*s**2 - 542*s + 13761. Calculate t(-129).
474
Let q(z) = 11*z**2 + 509*z - 1531. What is q(3)?
95
Let d(m) = -98*m**3 + 4314*m**2 - 73*m - 70. What is d(44)?
590
Let f(m) = -432*m + 12718. Determine f(30).
-242
Let y(m) = -m**2 - 39*m + 155198. What is y(375)?
-52
Let s(r) = 4506*r + 495666. Give s(-110).
6
Let v(s) = -59*s**3 + 447*s**2 + 2*s + 44. What is v(8)?
-1540
Let x(i) = -802*i + 67060. Calculate x(84).
-308
Let j(i) = -9*i*